 factor of j and q.
12
Let w be 1/((-56)/98)*(-272)/1. Calculate the highest common factor of w and 119.
119
Let x be 3/(12/10)*2. Suppose -f = o - 4, -2*f + 6*o - 5*o + 5 = 0. Suppose -4*h + 5 = -f*b, 4*b - 3*h - 4 = -6. What is the greatest common factor of b and x?
1
Let f be ((-1506)/(-12) - 1)/(9/12). Calculate the highest common divisor of f and 747.
83
Let a = -63 + 113. Let o = -44 + a. What is the greatest common divisor of o and 42?
6
Let x(v) = -27*v + 6. Let c be x(3). Let z be ((-9)/15)/(5/c). Let s be 30/9 + (-3)/z. What is the greatest common divisor of 21 and s?
3
Suppose -3*p = -3*i + 111, i + i + 5*p = 53. Suppose 2*r = i - 10. Calculate the highest common divisor of r and 12.
12
Suppose 4*a - 59 = -3*y + 50, -4*y - 51 = -a. Calculate the highest common factor of 496 and a.
31
Let i be -1 + 2 + -1 + 4. Suppose 190 - 10 = i*r. Let z = r - 31. Calculate the greatest common factor of 28 and z.
14
Let a(s) = -99*s**3 - s**2 - s + 1. Let m be a(-1). What is the highest common factor of m and 25?
25
Let f(r) = 18*r - 4. Let d be f(3). Calculate the greatest common divisor of d and 125.
25
Suppose -13*a + 10*a = -72. Let g be -4*(-2 + 4 + -4). Calculate the highest common divisor of g and a.
8
Suppose -762 = -30*x + 588. Let v(w) = w**2 - 6*w - 5. Let a be v(7). Let z = a + 7. Calculate the greatest common factor of z and x.
9
Suppose -632 = -9*p - 236. Calculate the highest common divisor of p and 187.
11
Suppose -12*g = -10*g + 2. Let u be -1 - g*(-4)/(-4)*3. Let t = 1 - -1. What is the highest common divisor of t and u?
2
Let a(h) = h**2 - 11*h + 11. Let y be a(10). Let t be y/(-2) - (-66)/4. Suppose 3*j - 61 - 15 = -o, 0 = 3*j - 12. What is the highest common divisor of t and o?
16
Let z = -42 - -63. Let a(i) = -i**2 + 28*i - 27. Let b be a(15). Calculate the greatest common factor of z and b.
21
Suppose -m - 78 = m. Let n = m - -66. Suppose -3*v + 0*i = 3*i - n, -i = 0. What is the greatest common divisor of 3 and v?
3
Let a be (29 - 1)*14/(-12 - -26). Calculate the greatest common factor of a and 896.
28
Suppose 0 = 5*y - 144 - 216. Calculate the greatest common divisor of y and 16.
8
Let c be 3/(-15) - (-2)/10. Suppose -4*a + 20 = 0, 4*s + s + 4*a - 185 = c. Suppose 0 = n - 33 - s. What is the highest common factor of n and 6?
6
Let j be (-3)/4 - 1353/(-44). Suppose 0 = -4*p - p + j. Calculate the greatest common divisor of 18 and p.
6
Let n be (-84)/(-22) + (-18)/(-99). Let x be (-12)/(-42) + n/(-14). Suppose x = 3*h - 5*h + 324. What is the highest common factor of h and 18?
18
Let a(y) = 32*y + 165. Let w be a(-5). What is the highest common divisor of 30 and w?
5
Suppose -50*m + 56*m - 684 = 0. Calculate the greatest common factor of 57 and m.
57
Let x(r) = -5*r + 222. Let w be x(39). What is the greatest common divisor of w and 1431?
27
Let c be (-1)/6 - ((-114)/36 - -1). Suppose 373 = 5*l + 4*p, 0 = -c*p + 3*p + 3. What is the highest common divisor of l and 7?
7
Let k = 12 + 6. Let l be (126/(-24))/(-7) + -2 + 1095/12. Calculate the greatest common divisor of l and k.
18
Let v be ((6 - -17) + -2)*(-34)/6. Let w = 122 + v. Calculate the highest common factor of w and 57.
3
Suppose -80*t + 2644 + 2764 = 128*t. Suppose 0*a - 464 = -4*o + 2*a, 0 = 3*o - 4*a - 343. Calculate the greatest common factor of t and o.
13
Let g = 89 - 79. Let j be (-3 - -5) + -4 + -2. Let p be -1*1 - 124/j. What is the highest common divisor of p and g?
10
Let l = -37 - 21. Let g = l + 92. Calculate the highest common divisor of g and 34.
34
Suppose -7*z = -12*z + 255. Suppose 0 = 4*i - 3*y - 15, 4*y - z = -5*i - 9. Let d be 5*4/((-20)/(-3)). What is the greatest common factor of d and i?
3
Let n be (-3)/(-1) - (2 - 1). Suppose 4*m + 232 + 100 = 3*x, -n*m + 2 = 0. What is the highest common factor of 14 and x?
14
Suppose -g - 180 + 0 = -2*v, -3*v + 4*g = -260. What is the highest common factor of 874 and v?
46
Let j = 145 - 100. Suppose 5 = -3*v + 14. Suppose 3 = -v*s + j. Calculate the greatest common factor of s and 70.
14
Let d(c) = c**3 + 4*c**2 + 1. Let r be d(-4). Let m be (-2 - r) + 4 + (2 - -5). What is the highest common divisor of m and 32?
8
Let q(d) = 30*d + 4. Let b be q(6). Suppose -11*u + 14 + 41 = 0. Suppose -u*s + 2*s + 69 = 0. What is the greatest common divisor of s and b?
23
Let l be 42/(4/2) - -1. Let a be (-2 + 1)/(2/l). Let g be a/(-1) + (-6 - -7). What is the greatest common factor of g and 4?
4
Let r be 44/12 + (-10)/15. Suppose -k - r*n + 10 = 0, -n + 26 = 2*k + 2*n. Let q be (-2)/(-1) + 2 + 36. What is the highest common divisor of k and q?
8
Let o(n) = -13*n - 58*n**2 + 96*n**2 + 16 - 52*n**2 - n**3. Let y be o(-13). Calculate the greatest common factor of y and 128.
16
Let f(l) = -129*l - 219. Let v be f(-2). What is the highest common factor of 260 and v?
13
Suppose 5 = b, 31 = 2*h - h + 3*b. Let z = 88 + -94. Let u(v) = -2*v - 10. Let y be u(z). What is the highest common divisor of h and y?
2
Let z = 124 + -64. Calculate the highest common divisor of 240 and z.
60
Let c be (-1 - -18)*(58 + -51). Calculate the highest common divisor of c and 221.
17
Let w(g) = 5*g**2 - 127*g + 59. Let z be w(25). What is the highest common divisor of 495 and z?
9
Let t(d) = d**2 - 2*d + 19. Let h be t(0). Calculate the highest common factor of h and 19.
19
Suppose 4*t = b - 110, b - 4*t + t - 110 = 0. Let w(y) = 5*y - 3*y + 3 - 5. Let k be w(6). What is the greatest common divisor of k and b?
10
Suppose 5*l + 375 = 5*p, -l = -2*p + 5*p + 55. Let f be (48/(-10))/(28/l). What is the highest common divisor of f and 12?
12
Let x(t) = 2*t + 92. Let u be x(-10). Calculate the highest common divisor of u and 8.
8
Suppose 0 = -5*d + 3*s - 6 + 27, -14 = -4*d + s. Suppose 0 = u + 4, -2*h = -h + d*u - 12. What is the greatest common divisor of 8 and h?
8
Suppose -5*z + 0*v + 105 = 2*v, -2*v - 66 = -4*z. Let b = 29 - z. Calculate the greatest common divisor of b and 10.
10
Let i be (-6 - 1215/9)*(-4)/6. What is the greatest common factor of 470 and i?
94
Let j = 19 - 7. Let n = -23 - -27. Suppose -4*m - n*i = -376, 290 = 3*m - i - 0*i. Calculate the greatest common divisor of m and j.
12
Let l = 16 - 14. Suppose 0 = 4*d - 34 + 14, 4*d - 148 = l*q. Let v be 1/(-8) - 264/q. Calculate the greatest common factor of v and 8.
4
Let q be 1 + (-8)/(-20) + 40/25. Let h be ((-128)/6)/((-1)/(q/2)). Let y(l) = 9*l**2 - 1. Let b be y(-3). What is the highest common factor of h and b?
16
Suppose 47 = 5*p + 2. Let h = 30 + p. Suppose 15 = l + 2. Calculate the highest common factor of l and h.
13
Let z(j) = 13*j - 5. Let o be z(5). Let d(s) = -3*s + 82. Let v be d(0). Let q = v + -62. What is the highest common factor of q and o?
20
Suppose i + 224 = -i. Let n = -62 - i. Suppose -2*k + 5*l - 3 = 12, 5*k = -5*l + n. Calculate the highest common factor of 15 and k.
5
Let m be (42/(-8))/((-15)/60). Calculate the greatest common factor of m and 49.
7
Suppose 12 - 27 = -5*o. Suppose 0 = 2*w + 4*i - 88, -w - o*i = i - 52. Suppose -6*x = -2*x - w. Calculate the greatest common divisor of 27 and x.
9
Suppose 0 = -j - 11 + 2. Let n(t) = 5*t + 1. Let p be n(-5). Let f = j - p. Calculate the greatest common divisor of 10 and f.
5
Suppose 4*j - 4*t + 215 = -j, -2*j = -t + 86. Let v = j + 61. What is the highest common divisor of v and 36?
18
Suppose -2*t - 22 = -2*p, -32*t + 63 = 3*p - 30*t. Let f be 546/4 + (-1)/2. What is the highest common factor of f and p?
17
Let m = 8 - 11. Let s be (18/1 + m)/1. Let h = s + -6. Calculate the greatest common divisor of h and 18.
9
Let m be 8/40 - 18/(-10). Suppose -43 = -m*s - 11. Calculate the greatest common factor of s and 40.
8
Let z = 59 - -13. Let r = z + -4. Suppose -20 = 2*u - r. Calculate the greatest common factor of 8 and u.
8
Suppose -5*a = 5*b - 1460, -10*b + 9*b + 4*a + 317 = 0. What is the greatest common factor of 33 and b?
33
Suppose -n + 7 = -5*s, 4*s = -149*n + 152*n - 76. Let w = -33 - -385. What is the highest common divisor of w and n?
32
Let b = 468 + -270. Suppose -x = -4*x + b. Suppose 14 = -u - 4*y, 4*y - 2*y = 3*u - 28. Calculate the highest common factor of u and x.
6
Let n = -43 + 26. Let d(p) = -p**3 - 17*p**2 + p + 23. Let o be d(n). What is the greatest common factor of o and 15?
3
Let g(u) = -11